hundreds digit of 808?
8
What is the thousands digit of 14002?
4
What is the thousands digit of 53114?
3
What is the units digit of 13546?
6
What is the units digit of 116?
6
What is the tens digit of 70790?
9
What is the thousands digit of 10376?
0
What is the thousands digit of 78767?
8
What is the tens digit of 207?
0
What is the hundreds digit of 21626?
6
What is the tens digit of 853?
5
What is the units digit of 839?
9
What is the hundreds digit of 603?
6
What is the hundreds digit of 4306?
3
What is the thousands digit of 130602?
0
What is the units digit of 8355?
5
What is the hundreds digit of 28007?
0
What is the tens digit of 90377?
7
What is the thousands digit of 8169?
8
What is the ten thousands digit of 96187?
9
What is the tens digit of 4676?
7
What is the units digit of 7081?
1
What is the tens digit of 7482?
8
What is the tens digit of 845?
4
What is the hundreds digit of 667?
6
What is the thousands digit of 33342?
3
What is the tens digit of 1285?
8
What is the hundreds digit of 2512?
5
What is the hundreds digit of 437?
4
What is the tens digit of 5019?
1
What is the ten thousands digit of 26995?
2
What is the ten thousands digit of 111420?
1
What is the hundreds digit of 30778?
7
What is the hundreds digit of 3281?
2
What is the tens digit of 2592?
9
What is the tens digit of 4466?
6
What is the thousands digit of 5586?
5
What is the tens digit of 22467?
6
What is the thousands digit of 63194?
3
What is the hundreds digit of 12257?
2
What is the thousands digit of 7803?
7
What is the tens digit of 2740?
4
What is the hundreds digit of 1916?
9
What is the tens digit of 52500?
0
What is the thousands digit of 1348?
1
What is the hundreds digit of 2366?
3
What is the tens digit of 576?
7
What is the thousands digit of 1025?
1
What is the units digit of 481?
1
What is the ten thousands digit of 21022?
2
What is the tens digit of 3610?
1
What is the tens digit of 2918?
1
What is the units digit of 2184?
4
What is the hundreds digit of 683?
6
What is the tens digit of 760?
6
What is the tens digit of 4898?
9
What is the thousands digit of 3461?
3
What is the thousands digit of 2746?
2
What is the tens digit of 5863?
6
What is the units digit of 602?
2
What is the thousands digit of 1391?
1
What is the thousands digit of 75159?
5
What is the ten thousands digit of 11960?
1
What is the units digit of 202?
2
What is the hundreds digit of 10892?
8
What is the hundreds digit of 30840?
8
What is the units digit of 3774?
4
What is the hundred thousands digit of 102309?
1
What is the tens digit of 862?
6
What is the tens digit of 635?
3
What is the units digit of 42?
2
What is the ten thousands digit of 22739?
2
What is the thousands digit of 3901?
3
What is the thousands digit of 14136?
4
What is the thousands digit of 25156?
5
What is the hundreds digit of 3095?
0
What is the tens digit of 31829?
2
What is the tens digit of 2711?
1
What is the thousands digit of 78591?
8
What is the hundreds digit of 1421?
4
What is the hundreds digit of 171?
1
What is the tens digit of 25?
2
What is the hundreds digit of 5216?
2
What is the units digit of 745?
5
What is the tens digit of 171?
7
What is the hundreds digit of 15513?
5
What is the tens digit of 556?
5
What is the hundreds digit of 3183?
1
What is the hundreds digit of 19681?
6
What is the tens digit of 2640?
4
What is the hundreds digit of 863?
8
What is the units digit of 2601?
1
What is the hundreds digit of 36598?
5
What is the units digit of 279?
9
What is the units digit of 8037?
7
What is the tens digit of 1142?
4
What is the units digit of 2642?
2
What is the units digit of 40054?
4
What is the hundreds digit of 5346?
3
What is the units digit of 2656?
6
What is the units digit of 131?
1
What is the units digit of 1957?
7
What is the units digit of 67401?
1
What is the tens digit of 4951?
5
What is the tens digit of 952?
5
What is the thousands digit of 33717?
3
What is the units digit of 11294?
4
What is the tens digit of 2643?
4
What is the ten thousands digit of 17873?
1
What is the units digit of 14967?
7
What is the tens digit of 5712?
1
What is the thousands digit of 1259?
1
What is the units digit of 14509?
9
What is the tens digit of 883?
8
What is the tens digit of 34282?
8
What is the units digit of 1328?
8
What is the tens digit of 8834?
3
What is the units digit of 888?
8
What is the tens digit of 47549?
4
What is the tens digit of 2472?
7
What is the tens digit of 860?
6
What is the ten thousands digit of 13428?
1
What is the units digit of 19116?
6
What is the tens digit of 142641?
4
What is the tens digit of 3810?
1
What is the thousands digit of 1388?
1
What is the units digit of 17306?
6
What is the tens digit of 322?
2
What is the units digit of 3915?
5
What is the ten thousands digit of 55291?
5
What is the tens digit of 1303?
0
What is the tens digit of 503?
0
What is the thousands digit of 1660?
1
What is the thousands digit of 42183?
2
What is the thousands digit of 3614?
3
What is the hundreds digit of 797?
7
What is the tens digit of 3203?
0
What is the hundreds digit of 12144?
1
What is the units digit of 48?
8
What is the ten thousands digit of 58491?
5
What is the tens digit of 8716?
1
What is the ten thousands digit of 17909?
1
What is the hundred thousands digit of 129634?
1
What is the units digit of 20571?
1
What is the hundreds digit of 404?
4
What is the hundreds digit of 1604?
6
What is the tens digit of 3929?
2
What is the hundreds digit of 1973?
9
What is the hundreds digit of 94698?
6
What is the thousands digit of 4861?
4
What is the tens digit of 4395?
9
What is the tens digit of 65?
6
What is the hundreds digit of 1206?
2
What is the hundreds digit of 13371?
3
What is the hundreds digit of 31731?
7
What is the hundreds digit of 2295?
2
What is the hundreds digit of 8239?
2
What is the tens digit of 4293?
9
What is the ten thousands digit of 59533?
5
What is the thousands digit of 143230?
3
What is the units digit of 5560?
0
What is the hundreds digit of 1645?
6
What is the hundreds digit of 50428?
4
What is the tens digit of 1229?
2
What is the tens digit of 306?
0
What is the thousands digit of 10768?
0
What is the units digit of 20221?
1
What is the units digit of 19438?
8
What is the units digit of 8468?
8
What is the tens digit of 13085?
8
What is the tens digit of 950?
5
What is the hundreds digit of 60662?
6
What is the tens digit of 2881?
8
What is the tens digit of 1113?
1
What is the hundreds digit of 39336?
3
What is the ten thousands digit of 58677?
5
What is the tens digit of 6391?
9
What is the units digit of 1048?
8
What is the thousands digit of 28554?
8
What is the thousands digit of 7329?
7
What is the units digit of 596?
6
What is the hundreds digit of 725?
7
What is the units digit of 1077?
7
What is the ten thousands digit of 11535?
1
What is the tens digit of 1897?
9
What is the hundreds digit of 64221?
2
What is the hundreds digit of 427?
4
What is the hundreds digit of 6285?
2
What is the hundreds digit of 928?
9
What is the tens digit of 29979?
7
What is the thousands digit of 7967?
7
What is the ten thousands digit of 33623?
3
What is the units digit of 82115?
5
What is the units digit of 8385?
5
What is the hundreds digit of 94319?
3
What is the units digit of 1042?
2
What is the tens digit of 4140?
4
What is the tens digit of 3590?
9
What is the tens digit of 17129?
2
What is the tens digit of 144?
4
What is the thousands digit of 3028?
3
What is the ten thousands digit of 72076?
7
What is the thousands digit of 1131?
1
What is the hundreds digit of 50464?
4
What is the thousands digit of 1439?
1
What is the ten thousands digit of 24192?
2
What is the tens digit of 15688?
8
What is the hundreds digit of 162766?
7
What is the hundreds digit of 626?
6
What is the tens digit of 341?
4
What is the units digit of 3916?
6
What is the hundreds digit of 38804?
8
What is the units digit of 4531?
1
What is the tens digit of 11534?
3
What is the hundreds digit of 1856?
8
What is the thousands digit of 5848?
5
What is the hundreds digit of 26854?
8
What is the units digit of 71?
1
What is the hundreds digit of 326?
3
What is the tens digit of 15597?
9
What is the tens digit of 11421?
2
What is the units digit of 988?
8
